{"id":745,"date":"2018-06-28T16:29:54","date_gmt":"2018-06-28T19:29:54","guid":{"rendered":"https:\/\/isfd77-bue.infd.edu.ar\/sitio\/datos-institucionales\/"},"modified":"2019-02-05T20:57:03","modified_gmt":"2019-02-05T23:57:03","slug":"datos-institucionales","status":"publish","type":"page","link":"https:\/\/isfd77-bue.infd.edu.ar\/sitio\/datos-institucionales\/","title":{"rendered":"Datos institucionales"},"content":{"rendered":"<h2><\/h2>\n<h2 style=\"text-align: center;\">Instituto Superior de Formaci\u00f3n Docente y T\u00e9cnica N\u00ba 77 de Vicente L\u00f3pez<\/h2>\n<h3><\/h3>\n<h3 style=\"text-align: center;\">Carreras<\/h3>\n<p>&nbsp;<\/p>\n<h4 style=\"text-align: center;\">\u00a0<a href=\"https:\/\/isfd77-bue.infd.edu.ar\/sitio\/profesorado-en-educacion-especial\/\"><u>Profesorado en Educaci\u00f3n Especial\u00a0<\/u><\/a><\/h4>\n<h4 style=\"text-align: center;\"><u>Orientaciones: discapacidad intelectual, auditiva, neuromotora, y visual.<\/u><\/h4>\n<p style=\"text-align: center;\">Duraci\u00f3n: 4 a\u00f1os<\/p>\n<p style=\"text-align: center;\">Armenia 2449 &#8211; Munro &#8211; Vicente L\u00f3pez<\/p>\n<p style=\"text-align: center;\">Tel\u00e9fonos: 4762-1863\/ 5197-1620\/5197-1931<\/p>\n<p>&nbsp;<\/p>\n<h4 style=\"text-align: center;\"><a href=\"https:\/\/isfd77-bue.infd.edu.ar\/sitio\/tecnicatura-superior-en-comunicacion-social\/\"><u>Tecnicatura en Comunicaci\u00f3n Social para el Desarrollo local<\/u><\/a><\/h4>\n<p style=\"text-align: center;\">Duraci\u00f3n: 3 a\u00f1os<\/p>\n<p style=\"text-align: center;\">Centro Universitario Vicente L\u00f3pez\u00a0 &#8211;\u00a0 Carlos Villate 4480 &#8211; Munro &#8211; Vicente L\u00f3pez<\/p>\n<p style=\"text-align: center;\">Tel\u00e9fono: 4760-8044<\/p>\n<p>&nbsp;<\/p>\n<h4 style=\"text-align: center;\"><a href=\"https:\/\/isfd77-bue.infd.edu.ar\/sitio\/tecnicatura-superior-en-trabajo-social\/\"><u>Tecnicatura en Trabajo Social<\/u><\/a><\/h4>\n<p style=\"text-align: center;\">Duraci\u00f3n: 4 a\u00f1os<\/p>\n<p style=\"text-align: center;\">Francia 3536 &#8211; Florida- Vicente L\u00f3pez<\/p>\n<p style=\"text-align: center;\">Tel\u00e9fono: 4760-8044<\/p>\n","protected":false},"excerpt":{"rendered":"<p>Instituto Superior de Formaci\u00f3n Docente y T\u00e9cnica N\u00ba 77 de Vicente L\u00f3pez Carreras &nbsp; \u00a0Profesorado en Educaci\u00f3n Especial\u00a0 Orientaciones: discapacidad intelectual, auditiva, neuromotora, y visual. Duraci\u00f3n: 4 a\u00f1os Armenia 2449 &#8211; Munro &#8211; Vicente L\u00f3pez Tel\u00e9fonos: 4762-1863\/ 5197-1620\/5197-1931 &nbsp; Tecnicatura en Comunicaci\u00f3n Social para el Desarrollo local Duraci\u00f3n: 3 a\u00f1os Centro Universitario Vicente L\u00f3pez\u00a0 &#8211;\u00a0 &#8230; <a title=\"Datos institucionales\" class=\"read-more\" href=\"https:\/\/isfd77-bue.infd.edu.ar\/sitio\/datos-institucionales\/\" aria-label=\"More on Datos institucionales\">[+]<\/a><\/p>\n","protected":false},"author":1201,"featured_media":0,"parent":0,"menu_order":0,"comment_status":"closed","ping_status":"closed","template":"","meta":[],"acf":[],"_links":{"self":[{"href":"https:\/\/isfd77-bue.infd.edu.ar\/sitio\/wp-json\/wp\/v2\/pages\/745"}],"collection":[{"href":"https:\/\/isfd77-bue.infd.edu.ar\/sitio\/wp-json\/wp\/v2\/pages"}],"about":[{"href":"https:\/\/isfd77-bue.infd.edu.ar\/sitio\/wp-json\/wp\/v2\/types\/page"}],"author":[{"embeddable":true,"href":"https:\/\/isfd77-bue.infd.edu.ar\/sitio\/wp-json\/wp\/v2\/users\/1201"}],"replies":[{"embeddable":true,"href":"https:\/\/isfd77-bue.infd.edu.ar\/sitio\/wp-json\/wp\/v2\/comments?post=745"}],"version-history":[{"count":10,"href":"https:\/\/isfd77-bue.infd.edu.ar\/sitio\/wp-json\/wp\/v2\/pages\/745\/revisions"}],"predecessor-version":[{"id":870,"href":"https:\/\/isfd77-bue.infd.edu.ar\/sitio\/wp-json\/wp\/v2\/pages\/745\/revisions\/870"}],"wp:attachment":[{"href":"https:\/\/isfd77-bue.infd.edu.ar\/sitio\/wp-json\/wp\/v2\/media?parent=745"}],"curies":[{"name":"wp","href":"https:\/\/api.w.org\/{rel}","templated":true}]}}

<h2></h2>
<h2 style="text-align: center;">Instituto Superior de Formación Docente y Técnica Nº 77 de Vicente López</h2>
<h3></h3>
<h3 style="text-align: center;">Carreras</h3>
<p>&nbsp;</p>
<h4 style="text-align: center;"> <a href="https://isfd77-bue.infd.edu.ar/sitio/profesorado-en-educacion-especial/"><u>Profesorado en Educación Especial </u></a></h4>
<h4 style="text-align: center;"><u>Orientaciones: discapacidad intelectual, auditiva, neuromotora, y visual.</u></h4>
<p style="text-align: center;">Duración: 4 años</p>
<p style="text-align: center;">Armenia 2449 &#8211; Munro &#8211; Vicente López</p>
<p style="text-align: center;">Teléfonos: 4762-1863/ 5197-1620/5197-1931</p>
<p>&nbsp;</p>
<h4 style="text-align: center;"><a href="https://isfd77-bue.infd.edu.ar/sitio/tecnicatura-superior-en-comunicacion-social/"><u>Tecnicatura en Comunicación Social para el Desarrollo local</u></a></h4>
<p style="text-align: center;">Duración: 3 años</p>
<p style="text-align: center;">Centro Universitario Vicente López  &#8211;  Carlos Villate 4480 &#8211; Munro &#8211; Vicente López</p>
<p style="text-align: center;">Teléfono: 4760-8044</p>
<p>&nbsp;</p>
<h4 style="text-align: center;"><a href="https://isfd77-bue.infd.edu.ar/sitio/tecnicatura-superior-en-trabajo-social/"><u>Tecnicatura en Trabajo Social</u></a></h4>
<p style="text-align: center;">Duración: 4 años</p>
<p style="text-align: center;">Francia 3536 &#8211; Florida- Vicente López</p>
<p style="text-align: center;">Teléfono: 4760-8044</p>

<p>Instituto Superior de Formación Docente y Técnica Nº 77 de Vicente López Carreras &nbsp;  Profesorado en Educación Especial  Orientaciones: discapacidad intelectual, auditiva, neuromotora, y visual. Duración: 4 años Armenia 2449 &#8211; Munro &#8211; Vicente López Teléfonos: 4762-1863/ 5197-1620/5197-1931 &nbsp; Tecnicatura en Comunicación Social para el Desarrollo local Duración: 3 años Centro Universitario Vicente López  &#8211;  &#8230; <a title="Datos institucionales" class="read-more" href="https://isfd77-bue.infd.edu.ar/sitio/datos-institucionales/" aria-label="More on Datos institucionales">[+]</a></p>
