{"id":753,"date":"2018-06-28T16:29:57","date_gmt":"2018-06-28T19:29:57","guid":{"rendered":"https:\/\/isfd77-bue.infd.edu.ar\/sitio\/plan-de-estudios-2\/"},"modified":"2019-02-05T21:17:17","modified_gmt":"2019-02-06T00:17:17","slug":"plan-de-estudios-2","status":"publish","type":"page","link":"https:\/\/isfd77-bue.infd.edu.ar\/sitio\/plan-de-estudios-2\/","title":{"rendered":"Plan de estudios"},"content":{"rendered":"<h2><strong>Tecnicatura en trabajo Social<\/strong><\/h2>\n<p><span style=\"font-family: georgia, palatino; font-size: 12pt;\"><strong>1\u00ba a\u00f1o <\/strong><\/span><\/p>\n<p><span style=\"font-family: georgia, palatino; font-size: 12pt;\">Psicolog\u00eda Evolutiva y de la Personalidad<\/span><\/p>\n<p><span style=\"font-family: georgia, palatino; font-size: 12pt;\">Sociolog\u00eda I<\/span><\/p>\n<p><span style=\"font-family: georgia, palatino; font-size: 12pt;\">Derecho<\/span><\/p>\n<p><span style=\"font-family: georgia, palatino; font-size: 12pt;\">Historia y Fundamentos del Trabajo Social<\/span><\/p>\n<p><span style=\"font-family: georgia, palatino; font-size: 12pt;\">Conocimiento Institucional<\/span><\/p>\n<p><span style=\"font-family: georgia, palatino; font-size: 12pt;\">Metodolog\u00eda de la Investigaci\u00f3n I<\/span><\/p>\n<p><span style=\"font-family: georgia, palatino; font-size: 12pt;\">Pr\u00e1ctica Profesional I<\/span><\/p>\n<p><span style=\"font-family: georgia, palatino; font-size: 12pt;\">Espacio de Definici\u00f3n Institucional<\/span><\/p>\n<p><span style=\"font-family: georgia, palatino; font-size: 12pt;\"><strong>2\u00ba a\u00f1o<\/strong><\/span><\/p>\n<p><span style=\"font-family: georgia, palatino; font-size: 12pt;\">Sociolog\u00eda II<\/span><\/p>\n<p><span style=\"font-family: georgia, palatino; font-size: 12pt;\">Psicolog\u00eda Social<\/span><\/p>\n<p><span style=\"font-family: georgia, palatino; font-size: 12pt;\">Epistemolog\u00eda<\/span><\/p>\n<p><span style=\"font-family: georgia, palatino; font-size: 12pt;\">Derecho Penal y R\u00e9gimen Penitenciario<\/span><\/p>\n<p><span style=\"font-family: georgia, palatino; font-size: 12pt;\">Derecho de Familia<\/span><\/p>\n<p><span style=\"font-family: georgia, palatino; font-size: 12pt;\">Trabajo Social I<\/span><\/p>\n<p><span style=\"font-family: georgia, palatino; font-size: 12pt;\">Trabajo Social II<\/span><\/p>\n<p><span style=\"font-family: georgia, palatino; font-size: 12pt;\">Metodolog\u00eda de la Investigaci\u00f3n II<\/span><\/p>\n<p><span style=\"font-family: georgia, palatino; font-size: 12pt;\">Pr\u00e1ctica Profesional II<\/span><\/p>\n<p><span style=\"font-family: georgia, palatino; font-size: 12pt;\">Espacio de Definici\u00f3n Institucional<\/span><\/p>\n<p><span style=\"font-family: georgia, palatino; font-size: 12pt;\"><strong>3\u00ba a\u00f1o<\/strong><\/span><\/p>\n<p><span style=\"font-family: georgia, palatino; font-size: 12pt;\">Antropolog\u00eda<\/span><\/p>\n<p><span style=\"font-family: georgia, palatino; font-size: 12pt;\">Historia Social y pol\u00edtica<\/span><\/p>\n<p><span style=\"font-family: georgia, palatino; font-size: 12pt;\">Derecho Laboral<\/span><\/p>\n<p><span style=\"font-family: georgia, palatino; font-size: 12pt;\">Salud P\u00fablica<\/span><\/p>\n<p><span style=\"font-family: georgia, palatino; font-size: 12pt;\">Ingl\u00e9s I<\/span><\/p>\n<p><span style=\"font-family: georgia, palatino; font-size: 12pt;\">Trabajo social III<\/span><\/p>\n<p><span style=\"font-family: georgia, palatino; font-size: 12pt;\">Planificaci\u00f3n y Administraci\u00f3n<\/span><\/p>\n<p><span style=\"font-family: georgia, palatino; font-size: 12pt;\">Pr\u00e1ctica Profesional III<\/span><\/p>\n<p><span style=\"font-family: georgia, palatino; font-size: 12pt;\">Espacio de Definici\u00f3n Institucional<\/span><\/p>\n<p><span style=\"font-family: georgia, palatino; font-size: 12pt;\"><strong>4\u00ba a\u00f1o<\/strong><\/span><\/p>\n<p><span style=\"font-family: georgia, palatino; font-size: 12pt;\">Econom\u00eda Social<\/span><\/p>\n<p><span style=\"font-family: georgia, palatino; font-size: 12pt;\">Salud Mental<\/span><\/p>\n<p><span style=\"font-family: georgia, palatino; font-size: 12pt;\">Ingl\u00e9s II<\/span><\/p>\n<p><span style=\"font-family: georgia, palatino; font-size: 12pt;\">Pol\u00edtica Social<\/span><\/p>\n<p><span style=\"font-family: georgia, palatino; font-size: 12pt;\">Trabajo Final de Investigaci\u00f3n Pr\u00e1ctica Profesional IV<\/span><\/p>\n<p><span style=\"font-family: georgia, palatino; font-size: 12pt;\">Espacio de Definici\u00f3n Institucional<\/span><\/p>\n","protected":false},"excerpt":{"rendered":"<p>Tecnicatura en trabajo Social 1\u00ba a\u00f1o Psicolog\u00eda Evolutiva y de la Personalidad Sociolog\u00eda I Derecho Historia y Fundamentos del Trabajo Social Conocimiento Institucional Metodolog\u00eda de la Investigaci\u00f3n I Pr\u00e1ctica Profesional I Espacio de Definici\u00f3n Institucional 2\u00ba a\u00f1o Sociolog\u00eda II Psicolog\u00eda Social Epistemolog\u00eda Derecho Penal y R\u00e9gimen Penitenciario Derecho de Familia Trabajo Social I Trabajo Social &#8230; <a title=\"Plan de estudios\" class=\"read-more\" href=\"https:\/\/isfd77-bue.infd.edu.ar\/sitio\/plan-de-estudios-2\/\" aria-label=\"More on Plan de estudios\">[+]<\/a><\/p>\n","protected":false},"author":1201,"featured_media":0,"parent":0,"menu_order":0,"comment_status":"closed","ping_status":"closed","template":"","meta":[],"acf":[],"_links":{"self":[{"href":"https:\/\/isfd77-bue.infd.edu.ar\/sitio\/wp-json\/wp\/v2\/pages\/753"}],"collection":[{"href":"https:\/\/isfd77-bue.infd.edu.ar\/sitio\/wp-json\/wp\/v2\/pages"}],"about":[{"href":"https:\/\/isfd77-bue.infd.edu.ar\/sitio\/wp-json\/wp\/v2\/types\/page"}],"author":[{"embeddable":true,"href":"https:\/\/isfd77-bue.infd.edu.ar\/sitio\/wp-json\/wp\/v2\/users\/1201"}],"replies":[{"embeddable":true,"href":"https:\/\/isfd77-bue.infd.edu.ar\/sitio\/wp-json\/wp\/v2\/comments?post=753"}],"version-history":[{"count":3,"href":"https:\/\/isfd77-bue.infd.edu.ar\/sitio\/wp-json\/wp\/v2\/pages\/753\/revisions"}],"predecessor-version":[{"id":890,"href":"https:\/\/isfd77-bue.infd.edu.ar\/sitio\/wp-json\/wp\/v2\/pages\/753\/revisions\/890"}],"wp:attachment":[{"href":"https:\/\/isfd77-bue.infd.edu.ar\/sitio\/wp-json\/wp\/v2\/media?parent=753"}],"curies":[{"name":"wp","href":"https:\/\/api.w.org\/{rel}","templated":true}]}}