{"id":757,"date":"2018-06-28T16:29:58","date_gmt":"2018-06-28T19:29:58","guid":{"rendered":"https:\/\/isfd77-bue.infd.edu.ar\/sitio\/historia\/"},"modified":"2019-02-05T20:59:20","modified_gmt":"2019-02-05T23:59:20","slug":"historia","status":"publish","type":"page","link":"https:\/\/isfd77-bue.infd.edu.ar\/sitio\/historia\/","title":{"rendered":"Historia"},"content":{"rendered":"<p><span style=\"font-size: 14pt; font-family: book antiqua,palatino;\">En 1985, nuestro Instituto nace como Anexo del I.S.F.D. N\u00b0 52 de San Isidro, con las carreras Profesorado Especializado\u00a0 en Dismunu\u00eddos F\u00edsicos , con modalidades Ciegos y Disminu\u00eddos Visuales , Sordos e\u00a0 Hipoac\u00fasicos\u00a0 con sistema de cursado semi presencial.<br \/>\nAl finalizar el primer a\u00f1o, la Direcci\u00f3n de Educaci\u00f3n Superior resuelve que el Instituto pase a ser anexo del ISFD N\u00aa 39.<\/span><\/p>\n<p><span style=\"font-size: 14pt; font-family: book antiqua,palatino;\">Esta condici\u00f3n de anexo se mantiene hasta el 1\u00ba de abril de 1987, fecha en que se constituye como\u00a0 servicio aut\u00f3nomo bajo la denominaci\u00f3n \u00abInstituto Superior de Formaci\u00f3n Docente N\u00ba 77\u00bb. Se le asigna como sede el edificio de Armenia 2449 de la localidad de Munro,comparti\u00e9ndolo con la Escuela Primaria N\u00ba 19 y la Escuela de Educaci\u00f3n de Adultos N\u00ba 701.<\/span><\/p>\n<p><span style=\"font-size: 14pt; font-family: book antiqua,palatino;\">En el a\u00f1o 2002 incorpora a su oferta acad\u00e9mica a la Tecnicatura Superior en Trabajo Social con Orientaci\u00f3n pedag\u00f3gica, denomin\u00e1ndose desde ese momento como \u00abInstituto Superior de Formaci\u00f3n Docente y T\u00e9cnico N\u00ba 77\u00bb<\/span><\/p>\n<p><span style=\"font-size: 12pt;\"><span style=\"font-family: verdana,geneva;\"><span style=\"font-family: book antiqua,palatino; font-size: 14pt;\">En el a\u00f1o 2004 suma una nueva carrera: \u00a0\u00abTecnicatura Superior en Comunicaci\u00f3n Social con Orientaci\u00f3n en Periodismo y Publicidad\u00bb . Como consecuencia del crecimiento institucional, en el a\u00f1o 2005 se abre una segunda sede en la calle Francia 3536 de la localidad de Florida, lugar que alberga ambas tecnicaturas.<\/span><br \/>\n<\/span><\/span><\/p>\n","protected":false},"excerpt":{"rendered":"<p>En 1985, nuestro Instituto nace como Anexo del I.S.F.D. N\u00b0 52 de San Isidro, con las carreras Profesorado Especializado\u00a0 en Dismunu\u00eddos F\u00edsicos , con modalidades Ciegos y Disminu\u00eddos Visuales , Sordos e\u00a0 Hipoac\u00fasicos\u00a0 con sistema de cursado semi presencial. Al finalizar el primer a\u00f1o, la Direcci\u00f3n de Educaci\u00f3n Superior resuelve que el Instituto pase a &#8230; <a title=\"Historia\" class=\"read-more\" href=\"https:\/\/isfd77-bue.infd.edu.ar\/sitio\/historia\/\" aria-label=\"More on Historia\">[+]<\/a><\/p>\n","protected":false},"author":1201,"featured_media":0,"parent":0,"menu_order":0,"comment_status":"closed","ping_status":"closed","template":"","meta":[],"acf":[],"_links":{"self":[{"href":"https:\/\/isfd77-bue.infd.edu.ar\/sitio\/wp-json\/wp\/v2\/pages\/757"}],"collection":[{"href":"https:\/\/isfd77-bue.infd.edu.ar\/sitio\/wp-json\/wp\/v2\/pages"}],"about":[{"href":"https:\/\/isfd77-bue.infd.edu.ar\/sitio\/wp-json\/wp\/v2\/types\/page"}],"author":[{"embeddable":true,"href":"https:\/\/isfd77-bue.infd.edu.ar\/sitio\/wp-json\/wp\/v2\/users\/1201"}],"replies":[{"embeddable":true,"href":"https:\/\/isfd77-bue.infd.edu.ar\/sitio\/wp-json\/wp\/v2\/comments?post=757"}],"version-history":[{"count":1,"href":"https:\/\/isfd77-bue.infd.edu.ar\/sitio\/wp-json\/wp\/v2\/pages\/757\/revisions"}],"predecessor-version":[{"id":872,"href":"https:\/\/isfd77-bue.infd.edu.ar\/sitio\/wp-json\/wp\/v2\/pages\/757\/revisions\/872"}],"wp:attachment":[{"href":"https:\/\/isfd77-bue.infd.edu.ar\/sitio\/wp-json\/wp\/v2\/media?parent=757"}],"curies":[{"name":"wp","href":"https:\/\/api.w.org\/{rel}","templated":true}]}}

<p><span style="font-size: 14pt; font-family: book antiqua,palatino;">En 1985, nuestro Instituto nace como Anexo del I.S.F.D. N° 52 de San Isidro, con las carreras Profesorado Especializado  en Dismunuídos Físicos , con modalidades Ciegos y Disminuídos Visuales , Sordos e  Hipoacúsicos  con sistema de cursado semi presencial.<br />
Al finalizar el primer año, la Dirección de Educación Superior resuelve que el Instituto pase a ser anexo del ISFD Nª 39.</span></p>
<p><span style="font-size: 14pt; font-family: book antiqua,palatino;">Esta condición de anexo se mantiene hasta el 1º de abril de 1987, fecha en que se constituye como  servicio autónomo bajo la denominación «Instituto Superior de Formación Docente Nº 77». Se le asigna como sede el edificio de Armenia 2449 de la localidad de Munro,compartiéndolo con la Escuela Primaria Nº 19 y la Escuela de Educación de Adultos Nº 701.</span></p>
<p><span style="font-size: 14pt; font-family: book antiqua,palatino;">En el año 2002 incorpora a su oferta académica a la Tecnicatura Superior en Trabajo Social con Orientación pedagógica, denominándose desde ese momento como «Instituto Superior de Formación Docente y Técnico Nº 77»</span></p>
<p><span style="font-size: 12pt;"><span style="font-family: verdana,geneva;"><span style="font-family: book antiqua,palatino; font-size: 14pt;">En el año 2004 suma una nueva carrera:  «Tecnicatura Superior en Comunicación Social con Orientación en Periodismo y Publicidad» . Como consecuencia del crecimiento institucional, en el año 2005 se abre una segunda sede en la calle Francia 3536 de la localidad de Florida, lugar que alberga ambas tecnicaturas.</span><br />
</span></span></p>

<p>En 1985, nuestro Instituto nace como Anexo del I.S.F.D. N° 52 de San Isidro, con las carreras Profesorado Especializado  en Dismunuídos Físicos , con modalidades Ciegos y Disminuídos Visuales , Sordos e  Hipoacúsicos  con sistema de cursado semi presencial. Al finalizar el primer año, la Dirección de Educación Superior resuelve que el Instituto pase a &#8230; <a title="Historia" class="read-more" href="https://isfd77-bue.infd.edu.ar/sitio/historia/" aria-label="More on Historia">[+]</a></p>
