{"id":770,"date":"2018-06-28T16:30:05","date_gmt":"2018-06-28T19:30:05","guid":{"rendered":"https:\/\/isfd77-bue.infd.edu.ar\/sitio\/plan-de-estudios-modalidad-neuromotora\/"},"modified":"2019-02-05T21:01:45","modified_gmt":"2019-02-06T00:01:45","slug":"plan-de-estudios-modalidad-neuromotora","status":"publish","type":"page","link":"https:\/\/isfd77-bue.infd.edu.ar\/sitio\/plan-de-estudios-modalidad-neuromotora\/","title":{"rendered":"Plan de estudios: Modalidad Neuromotora"},"content":{"rendered":"<p><span style=\"font-family: georgia,palatino; font-size: 12pt;\"><strong>Primer a\u00f1o com\u00fan a todas las orientaciones<\/strong>(intelectual, neuromotora, sordos e hipoac\u00fasicos, ciegos y disminu\u00eddos visuales) <\/span><\/p>\n<p><span style=\"font-family: georgia,palatino; font-size: 12pt;\">Taller de lectura escritura y oralidad <\/span><br \/>\n<span style=\"font-family: georgia,palatino; font-size: 12pt;\">Taller de pensamiento l\u00f3gico matem\u00e1tico <\/span><br \/>\n<span style=\"font-family: georgia,palatino; font-size: 12pt;\">Psicolog\u00eda del Desarrollo y el Aprendizaje <\/span><br \/>\n<span style=\"font-family: georgia,palatino; font-size: 12pt;\">Corporeidad y Motricidad <\/span><br \/>\n<span style=\"font-family: georgia,palatino; font-size: 12pt;\">Filosof\u00eda <\/span><br \/>\n<span style=\"font-family: georgia,palatino; font-size: 12pt;\">Did\u00e1ctica General <\/span><br \/>\n<span style=\"font-family: georgia,palatino; font-size: 12pt;\">Pedagog\u00eda <\/span><br \/>\n<span style=\"font-family: georgia,palatino; font-size: 12pt;\">An\u00e1lisis del Mundo Contempor\u00e1neo <\/span><br \/>\n<span style=\"font-family: georgia,palatino; font-size: 12pt;\">Introducci\u00f3n a la Educaci\u00f3n Especial <\/span><br \/>\n<span style=\"font-family: georgia,palatino; font-size: 12pt;\">Did\u00e1ctica de Pr\u00e1cticas del Lenguaje I <\/span><br \/>\n<span style=\"font-family: georgia,palatino; font-size: 12pt;\">Did\u00e1ctica de la Matem\u00e1tica I <\/span><br \/>\n<span style=\"font-family: georgia,palatino; font-size: 12pt;\">Did\u00e1ctica de las Ciencias Sociales I <\/span><br \/>\n<span style=\"font-family: georgia,palatino; font-size: 12pt;\">Did\u00e1ctica de las Ciencias Naturales I <\/span><br \/>\n<span style=\"font-family: georgia,palatino; font-size: 12pt;\">Campo de la pr\u00e1ctica I \u00a0 <\/span><\/p>\n<p><strong><span style=\"font-family: georgia,palatino; font-size: 12pt;\">Segundo a\u00f1o \u00a0<\/span><\/strong><span style=\"font-family: georgia,palatino; font-size: 12pt;\">(Com\u00fan a las orientaciones: intelectual, neuromotora, ciegos y disminu\u00eddos visuales.)<\/span><\/p>\n<p><span style=\"font-family: georgia,palatino; font-size: 12pt;\">Psicolog\u00eda del Desarrollo y del Aprendizaje II\u00a0 <\/span><br \/>\n<span style=\"font-family: georgia,palatino; font-size: 12pt;\">Cultura Comunicaci\u00f3n y Educaci\u00f3n <\/span><br \/>\n<span style=\"font-family: georgia,palatino; font-size: 12pt;\">Teor\u00edas Sociopol\u00edticas y Educaci\u00f3n <\/span><br \/>\n<span style=\"font-family: georgia,palatino; font-size: 12pt;\">Did\u00e1ctica y Curr\u00edculum <\/span><br \/>\n<span style=\"font-family: georgia,palatino; font-size: 12pt;\">Neurociencias<\/span><br \/>\n<span style=\"font-family: georgia,palatino; font-size: 12pt;\"> Did\u00e1ctica de Pr\u00e1cticas del Lenguaje II <\/span><br \/>\n<span style=\"font-family: georgia,palatino; font-size: 12pt;\">Did\u00e1ctica de la Matem\u00e1tica II <\/span><br \/>\n<span style=\"font-family: georgia,palatino; font-size: 12pt;\">Did\u00e1ctica de las Ciencias Sociales II <\/span><br \/>\n<span style=\"font-family: georgia,palatino; font-size: 12pt;\">Did\u00e1ctica de las Ciencias Naturales II <\/span><br \/>\n<span style=\"font-family: georgia,palatino; font-size: 12pt;\">Arte y Educaci\u00f3n <\/span><br \/>\n<span style=\"font-family: georgia,palatino; font-size: 12pt;\">E.D.I <\/span><br \/>\n<span style=\"font-family: georgia,palatino; font-size: 12pt;\">Campo de la pr\u00e1ctica II <\/span><\/p>\n<p><strong><span style=\"font-family: georgia,palatino; font-size: 12pt;\">Tercer a\u00f1o<\/span><\/strong><br \/>\n<span style=\"font-family: georgia,palatino; font-size: 12pt;\">Psicolog\u00eda del Desarrollo y del Aprendizaje III <\/span><br \/>\n<span style=\"font-family: georgia,palatino; font-size: 12pt;\">Abordaje Psicopedag\u00f3gico de los Sujetos con Discapacidad <\/span><br \/>\n<span style=\"font-family: georgia,palatino; font-size: 12pt;\">Historia, Pol\u00edtica y legislaci\u00f3n educativa Argentina <\/span><br \/>\n<span style=\"font-family: georgia,palatino; font-size: 12pt;\">Anatomofisiolog\u00eda y Patolog\u00eda del Aparato Locomotor <\/span><br \/>\n<span style=\"font-family: georgia,palatino; font-size: 12pt;\">Neuroling\u00fc\u00edstica <\/span><br \/>\n<span style=\"font-family: georgia,palatino; font-size: 12pt;\">Curr\u00edculo y Discapacidad Neuromotora I <\/span><br \/>\n<span style=\"font-family: georgia,palatino; font-size: 12pt;\">Atenci\u00f3n Temprana del desarrollo Infantil <\/span><br \/>\n<span style=\"font-family: georgia,palatino; font-size: 12pt;\">Rehabilitaci\u00f3n y Habilitaci\u00f3n <\/span><br \/>\n<span style=\"font-family: georgia,palatino; font-size: 12pt;\">E.D.I. <\/span><br \/>\n<span style=\"font-family: georgia,palatino; font-size: 12pt;\">Campo de la Pr\u00e1ctica III<\/span><\/p>\n<p><strong><span style=\"font-family: georgia,palatino; font-size: 12pt;\">Cuarto a\u00f1o<\/span><\/strong><\/p>\n<p><span style=\"font-family: georgia,palatino; font-size: 12pt;\">Reflexi\u00f3n Filos\u00f3fica de la educaci\u00f3n<\/span><br \/>\n<span style=\"font-family: georgia,palatino; font-size: 12pt;\">Dimensi\u00f3n \u00e9tico pol\u00edtica de la praxis docente<\/span><br \/>\n<span style=\"font-family: georgia,palatino; font-size: 12pt;\">Interacciones Sociales<\/span><br \/>\n<span style=\"font-family: georgia,palatino; font-size: 12pt;\">Psicopatolog\u00eda<\/span><br \/>\n<span style=\"font-family: georgia,palatino; font-size: 12pt;\">Formaci\u00f3n Laboral<\/span><br \/>\n<span style=\"font-family: georgia,palatino; font-size: 12pt;\">Curr\u00edculo y Discapacidad Neuromotora II<\/span><br \/>\n<span style=\"font-family: georgia,palatino; font-size: 12pt;\">Trastornos del lenguaje en Neuromotores<\/span><br \/>\n<span style=\"font-family: georgia,palatino; font-size: 12pt;\">Seminario de Trastornos emocionales severos<\/span><br \/>\n<span style=\"font-family: georgia,palatino; font-size: 12pt;\">Seminario de Trastornos espec\u00edficos del desarrollo del lenguaje<\/span><br \/>\n<span style=\"font-family: georgia,palatino; font-size: 12pt;\">Multidiscapacidad<\/span><br \/>\n<span style=\"font-family: georgia,palatino; font-size: 12pt;\">Educaci\u00f3n y Nuevas tecnolog\u00edas<\/span><br \/>\n<span style=\"font-family: georgia,palatino; font-size: 12pt;\">Pol\u00edtica y legislaci\u00f3n referida a la discapacidad<\/span><br \/>\n<span style=\"font-family: georgia,palatino; font-size: 12pt;\">E.D.I <\/span><br \/>\n<span style=\"font-family: georgia,palatino; font-size: 12pt;\">Campo d la Pr\u00e1ctica IV<\/span><\/p>\n","protected":false},"excerpt":{"rendered":"<p>Primer a\u00f1o com\u00fan a todas las orientaciones(intelectual, neuromotora, sordos e hipoac\u00fasicos, ciegos y disminu\u00eddos visuales) Taller de lectura escritura y oralidad Taller de pensamiento l\u00f3gico matem\u00e1tico Psicolog\u00eda del Desarrollo y el Aprendizaje Corporeidad y Motricidad Filosof\u00eda Did\u00e1ctica General Pedagog\u00eda An\u00e1lisis del Mundo Contempor\u00e1neo Introducci\u00f3n a la Educaci\u00f3n Especial Did\u00e1ctica de Pr\u00e1cticas del Lenguaje I Did\u00e1ctica &#8230; <a title=\"Plan de estudios: Modalidad Neuromotora\" class=\"read-more\" href=\"https:\/\/isfd77-bue.infd.edu.ar\/sitio\/plan-de-estudios-modalidad-neuromotora\/\" aria-label=\"More on Plan de estudios: Modalidad Neuromotora\">[+]<\/a><\/p>\n","protected":false},"author":1201,"featured_media":0,"parent":0,"menu_order":0,"comment_status":"closed","ping_status":"closed","template":"","meta":[],"acf":[],"_links":{"self":[{"href":"https:\/\/isfd77-bue.infd.edu.ar\/sitio\/wp-json\/wp\/v2\/pages\/770"}],"collection":[{"href":"https:\/\/isfd77-bue.infd.edu.ar\/sitio\/wp-json\/wp\/v2\/pages"}],"about":[{"href":"https:\/\/isfd77-bue.infd.edu.ar\/sitio\/wp-json\/wp\/v2\/types\/page"}],"author":[{"embeddable":true,"href":"https:\/\/isfd77-bue.infd.edu.ar\/sitio\/wp-json\/wp\/v2\/users\/1201"}],"replies":[{"embeddable":true,"href":"https:\/\/isfd77-bue.infd.edu.ar\/sitio\/wp-json\/wp\/v2\/comments?post=770"}],"version-history":[{"count":1,"href":"https:\/\/isfd77-bue.infd.edu.ar\/sitio\/wp-json\/wp\/v2\/pages\/770\/revisions"}],"predecessor-version":[{"id":876,"href":"https:\/\/isfd77-bue.infd.edu.ar\/sitio\/wp-json\/wp\/v2\/pages\/770\/revisions\/876"}],"wp:attachment":[{"href":"https:\/\/isfd77-bue.infd.edu.ar\/sitio\/wp-json\/wp\/v2\/media?parent=770"}],"curies":[{"name":"wp","href":"https:\/\/api.w.org\/{rel}","templated":true}]}}

<p><span style="font-family: georgia,palatino; font-size: 12pt;"><strong>Primer año común a todas las orientaciones</strong>(intelectual, neuromotora, sordos e hipoacúsicos, ciegos y disminuídos visuales) </span></p>
<p><span style="font-family: georgia,palatino; font-size: 12pt;">Taller de lectura escritura y oralidad </span><br />
<span style="font-family: georgia,palatino; font-size: 12pt;">Taller de pensamiento lógico matemático </span><br />
<span style="font-family: georgia,palatino; font-size: 12pt;">Psicología del Desarrollo y el Aprendizaje </span><br />
<span style="font-family: georgia,palatino; font-size: 12pt;">Corporeidad y Motricidad </span><br />
<span style="font-family: georgia,palatino; font-size: 12pt;">Filosofía </span><br />
<span style="font-family: georgia,palatino; font-size: 12pt;">Didáctica General </span><br />
<span style="font-family: georgia,palatino; font-size: 12pt;">Pedagogía </span><br />
<span style="font-family: georgia,palatino; font-size: 12pt;">Análisis del Mundo Contemporáneo </span><br />
<span style="font-family: georgia,palatino; font-size: 12pt;">Introducción a la Educación Especial </span><br />
<span style="font-family: georgia,palatino; font-size: 12pt;">Didáctica de Prácticas del Lenguaje I </span><br />
<span style="font-family: georgia,palatino; font-size: 12pt;">Didáctica de la Matemática I </span><br />
<span style="font-family: georgia,palatino; font-size: 12pt;">Didáctica de las Ciencias Sociales I </span><br />
<span style="font-family: georgia,palatino; font-size: 12pt;">Didáctica de las Ciencias Naturales I </span><br />
<span style="font-family: georgia,palatino; font-size: 12pt;">Campo de la práctica I   </span></p>
<p><strong><span style="font-family: georgia,palatino; font-size: 12pt;">Segundo año  </span></strong><span style="font-family: georgia,palatino; font-size: 12pt;">(Común a las orientaciones: intelectual, neuromotora, ciegos y disminuídos visuales.)</span></p>
<p><span style="font-family: georgia,palatino; font-size: 12pt;">Psicología del Desarrollo y del Aprendizaje II  </span><br />
<span style="font-family: georgia,palatino; font-size: 12pt;">Cultura Comunicación y Educación </span><br />
<span style="font-family: georgia,palatino; font-size: 12pt;">Teorías Sociopolíticas y Educación </span><br />
<span style="font-family: georgia,palatino; font-size: 12pt;">Didáctica y Currículum </span><br />
<span style="font-family: georgia,palatino; font-size: 12pt;">Neurociencias</span><br />
<span style="font-family: georgia,palatino; font-size: 12pt;"> Didáctica de Prácticas del Lenguaje II </span><br />
<span style="font-family: georgia,palatino; font-size: 12pt;">Didáctica de la Matemática II </span><br />
<span style="font-family: georgia,palatino; font-size: 12pt;">Didáctica de las Ciencias Sociales II </span><br />
<span style="font-family: georgia,palatino; font-size: 12pt;">Didáctica de las Ciencias Naturales II </span><br />
<span style="font-family: georgia,palatino; font-size: 12pt;">Arte y Educación </span><br />
<span style="font-family: georgia,palatino; font-size: 12pt;">E.D.I </span><br />
<span style="font-family: georgia,palatino; font-size: 12pt;">Campo de la práctica II </span></p>
<p><strong><span style="font-family: georgia,palatino; font-size: 12pt;">Tercer año</span></strong><br />
<span style="font-family: georgia,palatino; font-size: 12pt;">Psicología del Desarrollo y del Aprendizaje III </span><br />
<span style="font-family: georgia,palatino; font-size: 12pt;">Abordaje Psicopedagógico de los Sujetos con Discapacidad </span><br />
<span style="font-family: georgia,palatino; font-size: 12pt;">Historia, Política y legislación educativa Argentina </span><br />
<span style="font-family: georgia,palatino; font-size: 12pt;">Anatomofisiología y Patología del Aparato Locomotor </span><br />
<span style="font-family: georgia,palatino; font-size: 12pt;">Neurolingüística </span><br />
<span style="font-family: georgia,palatino; font-size: 12pt;">Currículo y Discapacidad Neuromotora I </span><br />
<span style="font-family: georgia,palatino; font-size: 12pt;">Atención Temprana del desarrollo Infantil </span><br />
<span style="font-family: georgia,palatino; font-size: 12pt;">Rehabilitación y Habilitación </span><br />
<span style="font-family: georgia,palatino; font-size: 12pt;">E.D.I. </span><br />
<span style="font-family: georgia,palatino; font-size: 12pt;">Campo de la Práctica III</span></p>
<p><strong><span style="font-family: georgia,palatino; font-size: 12pt;">Cuarto año</span></strong></p>
<p><span style="font-family: georgia,palatino; font-size: 12pt;">Reflexión Filosófica de la educación</span><br />
<span style="font-family: georgia,palatino; font-size: 12pt;">Dimensión ético política de la praxis docente</span><br />
<span style="font-family: georgia,palatino; font-size: 12pt;">Interacciones Sociales</span><br />
<span style="font-family: georgia,palatino; font-size: 12pt;">Psicopatología</span><br />
<span style="font-family: georgia,palatino; font-size: 12pt;">Formación Laboral</span><br />
<span style="font-family: georgia,palatino; font-size: 12pt;">Currículo y Discapacidad Neuromotora II</span><br />
<span style="font-family: georgia,palatino; font-size: 12pt;">Trastornos del lenguaje en Neuromotores</span><br />
<span style="font-family: georgia,palatino; font-size: 12pt;">Seminario de Trastornos emocionales severos</span><br />
<span style="font-family: georgia,palatino; font-size: 12pt;">Seminario de Trastornos específicos del desarrollo del lenguaje</span><br />
<span style="font-family: georgia,palatino; font-size: 12pt;">Multidiscapacidad</span><br />
<span style="font-family: georgia,palatino; font-size: 12pt;">Educación y Nuevas tecnologías</span><br />
<span style="font-family: georgia,palatino; font-size: 12pt;">Política y legislación referida a la discapacidad</span><br />
<span style="font-family: georgia,palatino; font-size: 12pt;">E.D.I </span><br />
<span style="font-family: georgia,palatino; font-size: 12pt;">Campo d la Práctica IV</span></p>

<p>Primer año común a todas las orientaciones(intelectual, neuromotora, sordos e hipoacúsicos, ciegos y disminuídos visuales) Taller de lectura escritura y oralidad Taller de pensamiento lógico matemático Psicología del Desarrollo y el Aprendizaje Corporeidad y Motricidad Filosofía Didáctica General Pedagogía Análisis del Mundo Contemporáneo Introducción a la Educación Especial Didáctica de Prácticas del Lenguaje I Didáctica &#8230; <a title="Plan de estudios: Modalidad Neuromotora" class="read-more" href="https://isfd77-bue.infd.edu.ar/sitio/plan-de-estudios-modalidad-neuromotora/" aria-label="More on Plan de estudios: Modalidad Neuromotora">[+]</a></p>
